emainder when t is divided by 59?
52
Let y(s) = -7*s**3 + 36*s**2 + 4*s + 16. Calculate the remainder when 443 is divided by y(5).
16
Suppose 57*k + 11782 - 20602 = 40485. What is the remainder when k is divided by 32?
1
Suppose 25*r = -811 + 2611. What is the remainder when 336 is divided by r?
48
Let z = -17686 - -27330. Calculate the remainder when z is divided by 11.
8
Let k(u) = 211*u + 324. Calculate the remainder when 891 is divided by k(-1).
100
Let s = -361 - -357. What is the remainder when s/18 + (-5)/((-315)/15071) is divided by 24?
23
Suppose 55 - 63 = 4*b. Let f(z) = -16*z. Let s be f(b). Let w = s + -19. Calculate the remainder when 50 is divided by w.
11
Suppose 1737 = 71*b + 246. What is the remainder when 307 is divided by b?
13
Let r(h) = 5*h**3 + h**2 - 2*h + 1. Let a be (-48)/(-15)*(-245)/(-14). Let i = -52 + a. What is the remainder when r(1) is divided by i?
1
Let w(k) = 34*k**3 - 5*k + 14. Let h be w(2). Suppose 9*b - 844 = -3*n + 14*b, b - h = -n. What is the remainder when n is divided by 28?
26
Let i = -1981 + 2075. Calculate the remainder when i is divided by 40*(-6)/45*-3.
14
Let m = -145 - -7. Calculate the remainder when 74 is divided by ((-4)/(-6))/((-4)/m*1).
5
Let o be 60/18*18/15 - 3. What is the remainder when (576/60)/(o/5 + 0) is divided by 25?
23
Let y(h) = 2*h**2 - h - 1. Let c be y(-1). Let x(a) = 30*a - 3. Let p be x(c). Calculate the remainder when p/5 + (-24)/60 is divided by 6.
5
Suppose 0 = 25*y - 24*y + a - 71, 0 = y - 2*a - 89. What is the remainder when 222 is divided by y?
68
Suppose 219 + 337 = x - 155. Calculate the remainder when x is divided by 42.
39
Calculate the remainder when ((-70668)/30 - 6)/((-48)/160) is divided by 127.
125
Let w(i) = -i + 5. Suppose -7*v = 4*r - 2*v + 28, 48 = -3*r + 3*v. Let t = r - -53. What is the remainder when t is divided by w(-10)?
11
Let r = 1456 + -388. What is the remainder when 125 is divided by -5 + r/21 - (-3)/21?
33
Let h = -2263 - -2343. Calculate the remainder when 13039 is divided by h.
79
Let n(g) = 3*g**3 - 59*g**2 + 9*g - 17. Let l be n(19). Let c = -463 - l. What is the remainder when c is divided by 54?
51
Calculate the remainder when ((-7)/(-35))/((-4)/(-30)) - (-1097)/2 is divided by 12.
10
Suppose -3*d = 4*s - 4*d - 55, 2*s - 29 = -d. Suppose 13*n = s*n - 19. What is the remainder when 44 is divided by n?
6
Calculate the remainder when 158 is divided by 2/16 + ((-79432)/(-960) - 4/(-30)).
75
Let m be (4/(-8) - -1) + (-54)/(-12). Suppose m*t = 4*s - 37, -s - 4*s + 5 = 2*t. Suppose 2*n = 4*n - 22. Calculate the remainder when n is divided by s.
2
Let t(x) = 7*x**2 - 75*x - 291. Let i(u) = 4*u**2 - 37*u - 147. Let y(g) = -11*i(g) + 6*t(g). Calculate the remainder when 155 is divided by y(-16).
14
Let o = 75 + -72. Suppose -1189 = -5*s + 2*t, 6*s + 2*t - 723 = o*s. What is the remainder when s is divided by 39/(-26) - (-99)/2?
47
Let j be (-3)/2 + (-39)/(-6). Suppose x - 43 = -j*i + 166, 10 = 5*i. Calculate the remainder when x is divided by 50.
49
Let z = -595778 + 595941. Suppose 7 + 13 = 4*s. Suppose -15 = s*b - 220. Calculate the remainder when z is divided by b.
40
Let p(l) = 1379*l + 93819. Suppose 0 = -2*a + 2*u + u + 67, -131 = -4*a + 5*u. What is the remainder when p(-68) is divided by a?
18
Let w(s) = 2*s - 49. Let n be w(25). Suppose 6*m + n - 37 = 0. What is the remainder when (-45)/(-1) + 9/((-27)/m) is divided by 23?
20
Suppose -2*x + 3929 = 3885. Let b be (33/(-22))/((-6)/16). Suppose b*y - 150 = -3*h, 2*y - 51 = -5*h + 17. What is the remainder when y is divided by x?
17
Suppose 31*j - 6997 = 350. Calculate the remainder when j is divided by 225.
12
Suppose -5*g = -108 + 168. Let r(q) = -3*q**2 - 40*q - 1. Calculate the remainder when 326 is divided by r(g).
44
Let w(s) = s**3 + 27*s**2 - 6*s - 5. Suppose 0 = -92*y + 462 + 3402. Calculate the remainder when w(-27) is divided by y.
31
Let o(v) = 8*v - 8*v + 9*v**2 - 5 - 16 + 17*v. Calculate the remainder when o(6) is divided by 51.
48
Let m(s) = -s**3 + 7*s**2 + 57*s - 343. What is the remainder when 2790 is divided by m(8)?
46
Let l(t) = -t**3 + 7*t**2 - 6*t + 3. Let f be l(6). Suppose -m - 52 = -f*m. Calculate the remainder when (-5)/(-25) - (-6108)/60 is divided by m.
24
Let h(g) = 16*g + 208. Let z be h(-22). Calculate the remainder when 43 is divided by z/(-45)*5/2 - -2.
3
Suppose 3*h - 4*h - 47 = 2*u, -3*h + 2*u - 141 = 0. Let t = 141 + h. What is the remainder when t is divided by 11?
6
Let a(v) = -v**3 - 4*v**2 + 165*v + 44. What is the remainder when 14649 is divided by a(11)?
41
Let x = 2 + 4. Suppose -44*g - 55*g = -4554. Calculate the remainder when g is divided by x.
4
Suppose 0 = -4*a - 3*r + 141, -a + r = 4*r - 24. Suppose -50 = 11*v - 16*v. What is the remainder when (9 + -8 + v)/(1/14) is divided by a?
37
Let w(v) = -184*v - 166. Let l(m) = -m + 6. Let h be l(3). Suppose -u + 196 = h*u. Calculate the remainder when u is divided by w(-1).
13
Suppose 2*q - 3 = 127. What is the remainder when 214 is divided by 39/q + 1548/20?
58
Let i = -26 + 36. Let x(k) = k**3 + 76*k - 1 - 48*k - 34*k + 8*k**2 + 43. What is the remainder when x(-9) is divided by i?
5
Suppose 0 = -5*t + 9*t - 72. Suppose 0 = 4*j - 150 + 34. What is the remainder when j is divided by (45/t)/(2/12)?
14
Suppose -48 = -j - k, -3*j + k = -0*k - 148. Suppose 651*y - 280478 = -508*y. Calculate the remainder when y is divided by j.
46
Suppose -52*z = -57*z - 10*l + 1105, -4*z = l - 891. What is the remainder when 1782 is divided by z?
221
Let c(a) = -56*a + 6. Let r be c(-9). Suppose 2*n - 4*z - 210 = 0, n = -4*n - 5*z + r. Calculate the remainder when n is divided by (5 - 78/13)/((-1)/27).
22
Let k(s) = 2*s**3 - 40*s**2 - 33*s - 76. Calculate the remainder when 198 is divided by k(21).
85
Suppose 0 = -4*n - 5*o + 469, 0 = 2*n - 5*n + 3*o + 318. Let y = 165 - n. Calculate the remainder when y is divided by ((-14)/9)/((-69)/621).
12
Let f = 18357 - 18348. Calculate the remainder when 1745 is divided by f.
8
Let h = 73 - 38. Calculate the remainder when 21 is divided by (112/20)/(14/h).
7
Let t = -27 + 30. Suppose -2*k = 11 - 1. Let v = k - -9. Calculate the remainder when v is divided by t.
1
Suppose -5*o + 58 = -5*n - 97, -4*o = 5*n - 115. Calculate the remainder when 789 is divided by o.
9
Let x = 904 + -620. Let l = 3813 + -3905. What is the remainder when 2/(-3 - x/l) is divided by 12?
11
Suppose 1023*r = 1043*r - 740. Let g = 226 - 122. What is the remainder when g is divided by r?
30
Let t(v) = -v**2 + 13*v + 96. Suppose -4*i + 36 = 2*j, j + 4*i - 8*i - 6 = 0. Calculate the remainder when 651 is divided by t(j).
77
Let w be (-1 + 66/9)*3. Suppose 0 = -3*z + w*z - 912. What is the remainder when 113 is divided by z?
56
Suppose 34 = -306*k + 307*k. Calculate the remainder when (130 + -503)*(0 + -1)/1 is divided by k.
33
Let y(q) = q**3 - 2*q**2 - 2*q + 1. Suppose 3*b - 7 = 27*d - 23*d, 4*d + 2 = -2*b. What is the remainder when 1872/16 - (d - 6) is divided by y(4)?
24
Let z(t) = -124*t - 741. What is the remainder when 8 is divided by z(-6)?
2
Suppose 30 - 62 = -2*p. Let y = 46 - 46. What is the remainder when (65 - (2 - y)) + -3 is divided by p?
12
Let z(w) = -w**3 - 23*w**2 - 129*w + 10. Calculate the remainder when z(-8) is divided by 70.
12
Let p(w) = -w**2 - 58*w - 290. What is the remainder when 936 is divided by p(-51)?
65
Let g be (-50)/(-75)*(-1 + 4). Let x(z) = -z - z**g - z - 16 + 2*z**2 + 7*z. Calculate the remainder when x(-12) is divided by 14.
12
Let c(h) = -h**2 + h + 16. Let j be c(-4). Calculate the remainder when (32/(-52))/j - 10340/(-52) is divided by 29.
25
Let v = -5578 + 5594. Let j be (-9)/6*-1*2. Suppose 136 - 4 = j*f. Calculate the remainder when f is divided by v.
12
Let q = 480 + -948. Let b = -233 - q. What is the remainder when b is divided by 62?
49
Let f be 1077/12*12/3. Let b = f - 569. What is the remainder when (56/(-6))/(20/b) is divided by 20?
18
Let y be 7 + 7/((-56)/40). Suppose 3*b + 4*g - 180 = 0, -y*b + 115 - 18 = -5*g. What is the remainder when b is divided by 24?
8
Let v(b) = 17*b - 21. Let x = 95 + -78. What is the remainder when v(x) is divided by 54?
52
Suppose 1 = -4*o - 2*t + 25, 4*o = -4*t + 28. Let g(u) = 1044*u - 5186. What is the remainder when